2?
16
Calculate the highest common factor of 70 and 20.
10
What is the greatest common factor of 1026 and 57?
57
Calculate the greatest common divisor of 20 and 1620.
20
Calculate the greatest common divisor of 216 and 9747.
27
Calculate the highest common factor of 21 and 574.
7
What is the highest common divisor of 32 and 2800?
16
Calculate the greatest common factor of 52 and 26.
26
What is the highest common divisor of 101456 and 272?
272
Calculate the highest common factor of 3285 and 225.
45
What is the greatest common factor of 1738 and 1027?
79
What is the highest common divisor of 1398 and 30?
6
Calculate the highest common divisor of 261 and 1800.
9
Calculate the highest common divisor of 64 and 1712.
16
Calculate the greatest common factor of 13 and 923.
13
Calculate the highest common divisor of 135 and 10.
5
What is the highest common divisor of 18 and 5733?
9
Calculate the highest common factor of 20 and 1060.
20
Calculate the greatest common factor of 475 and 25.
25
What is the highest common factor of 36 and 444?
12
What is the highest common factor of 65 and 325?
65
Calculate the highest common factor of 6 and 42078.
6
Calculate the highest common factor of 66 and 3729.
33
Calculate the greatest common factor of 2160 and 920.
40
Calculate the highest common divisor of 9 and 36.
9
Calculate the highest common factor of 185 and 13135.
185
What is the greatest common divisor of 7875 and 63?
63
What is the highest common factor of 68 and 527?
17
Calculate the highest common factor of 3668 and 196.
28
What is the highest common factor of 50 and 1550?
50
What is the highest common divisor of 30 and 24?
6
Calculate the highest common factor of 45 and 1895.
5
What is the highest common divisor of 57 and 152?
19
What is the highest common divisor of 378 and 54?
54
What is the greatest common factor of 1 and 25?
1
What is the highest common factor of 91 and 130?
13
What is the highest common divisor of 17 and 49963?
17
Calculate the highest common divisor of 9 and 909.
9
Calculate the greatest common divisor of 39 and 13.
13
Calculate the highest common factor of 104 and 3978.
26
What is the greatest common factor of 4 and 724?
4
Calculate the greatest common factor of 35 and 20.
5
Calculate the highest common divisor of 142 and 59711.
71
Calculate the greatest common divisor of 3 and 475.
1
Calculate the greatest common factor of 33 and 24.
3
Calculate the greatest common factor of 42 and 546.
42
What is the highest common factor of 34 and 7599?
17
What is the highest common divisor of 963 and 1177?
107
Calculate the highest common divisor of 282 and 186.
6
What is the greatest common divisor of 4395 and 30?
15
What is the highest common divisor of 48 and 104?
8
What is the highest common factor of 14 and 448?
14
What is the greatest common factor of 616 and 9504?
88
Calculate the greatest common divisor of 17010 and 280.
70
What is the greatest common factor of 112 and 308?
28
Calculate the highest common factor of 130 and 234.
26
Calculate the greatest common divisor of 956 and 4.
4
What is the highest common factor of 16 and 5120?
16
What is the greatest common divisor of 1256 and 785?
157
Calculate the greatest common divisor of 960 and 15.
15
Calculate the greatest common factor of 22 and 16225.
11
What is the highest common divisor of 124 and 2914?
62
What is the greatest common factor of 425 and 17?
17
Calculate the greatest common divisor of 69 and 368.
23
Calculate the greatest common factor of 7 and 35.
7
Calculate the greatest common divisor of 304 and 10222.
38
What is the greatest common factor of 88 and 484?
44
Calculate the greatest common factor of 1280 and 720.
80
Calculate the greatest common divisor of 21 and 987.
21
What is the greatest common factor of 442 and 650?
26
Calculate the highest common factor of 5 and 1020.
5
Calculate the greatest common divisor of 385 and 187.
11
What is the greatest common factor of 90724 and 148?
148
Calculate the greatest common factor of 116 and 261.
29
What is the greatest common divisor of 2601 and 306?
153
What is the greatest common factor of 783 and 29?
29
What is the greatest common divisor of 8 and 16?
8
What is the highest common divisor of 156 and 702?
78
What is the highest common factor of 141 and 6?
3
What is the highest common divisor of 11 and 143?
11
What is the greatest common divisor of 13 and 3263?
13
Calculate the highest common divisor of 13 and 4680.
13
What is the greatest common divisor of 12 and 228?
12
Calculate the greatest common divisor of 12956 and 164.
164
What is the greatest common factor of 30 and 78?
6
Calculate the greatest common divisor of 1804 and 132.
44
What is the greatest common divisor of 41295 and 15?
15
Calculate the highest common divisor of 82 and 1968.
82
What is the greatest common divisor of 385 and 6655?
55
What is the highest common divisor of 30 and 1410?
30
What is the highest common factor of 663 and 51?
51
What is the greatest common divisor of 17 and 51?
17
What is the highest common factor of 50 and 6?
2
Calculate the greatest common factor of 1443 and 39.
39
What is the highest common factor of 56 and 812?
28
Calculate the highest common divisor of 43 and 473.
43
Calculate the greatest common factor of 3936 and 108.
12
What is the greatest common factor of 2882 and 253?
11
What is the highest common divisor of 141 and 12361?
47
What is the greatest common factor of 25 and 75?
25
What is the greatest common factor of 54 and 162?
54
Calculate the greatest common factor of 21 and 329.
7
Calculate the highest common factor of 108 and 4.
4
What is the greatest common factor of 115 and 45?
5
What is the greatest common factor of 1849 and 43?
43
Calculate the highest common factor of 28 and 12.
4
Calculate the highest common divisor of 45 and 351.
9
Calculate the greatest common divisor of 630 and 378.
126
What is the greatest common factor of 1751 and 17?
17
What is the greatest common divisor of 64 and 2368?
64
What is the greatest common factor of 16 and 568?
8
Calculate the greatest common factor of 704 and 11.
11
What is the highest common factor of 24 and 312?
24
Calculate the highest common factor of 19 and 1691.
19
Calculate the greatest common divisor of 17 and 544.
17
What is the highest common divisor of 87 and 33?
3
Calculate the greatest common factor of 18 and 414.
18
What is the highest common factor of 1468 and 12?
4
What is the highest common divisor of 495 and 123?
3
Calculate the highest common divisor of 126 and 1134.
126
Calculate the greatest common factor of 1275 and 5950.
425
Calculate the greatest common factor of 3 and 2.
1
Calculate the highest common divisor of 520 and 100.
20
Calculate the greatest common divisor of 4640 and 160.
160
Calculate the highest common divisor of 180 and 24.
12
Calculate the highest common factor of 75 and 1005.
15
What is the highest common factor of 156 and 786?
6
What is the greatest common factor of 54 and 1971?
27
Calculate the greatest common divisor of 48 and 14664.
24
What is the greatest common divisor of 112 and 14?
14
Calculate the highest common factor of 396 and 189.
9
What is the highest common factor of 135 and 30?
15
Calculate the greatest common divisor of 18 and 9618.
6
What is the highest common divisor of 2 and 802?
2
What is the highest common factor of 1802 and 34?
34
Calculate the highest common factor of 108 and 1236.
12
What is the greatest common divisor of 32 and 6?
2
What is the highest common divisor of 165 and 132?
33
Calculate the greatest common divisor of 102 and 51.
51
What is the highest common divisor of 48 and 124?
4
What is the greatest common divisor of 17 and 493?
17
Calculate the highest common factor of 396 and 780.
12
Calculate the highest common factor of 6417 and 1674.
279
What is the greatest common divisor of 216 and 8064?
72
What is the greatest common divisor of 3349 and 136?
17
Calculate the greatest common divisor of 1380 and 780.
60
Calculate the highest common factor of 2890 and 20.
10
Calculate the highest common factor of 200 and 925.
25
Calculate the greatest common factor of 239 and 27963.
239
Calculate the highest common factor of 2 and 8.
2
Calculate the greatest common divisor of 364 and 84.
28
What is the great